f**2 - 623*f + 157. Give w(-156).
1
Let z(t) = -29*t**3 + 101*t**2 + 2173*t - 6644. Calculate z(3).
1
Let w(r) = -15050*r + 60214. What is w(4)?
14
Let p(m) = 6*m**2 - 606*m + 15. Calculate p(100).
-585
Let n(y) = 113*y - 1850. Give n(23).
749
Let k(g) = -913*g**2 - 73947*g + 487. Calculate k(-81).
1
Let j(v) = v**3 + 261*v**2 + 5689*v + 387. Determine j(-237).
150
Let o(u) = 818*u**2 - 138295*u + 8954. What is o(169)?
-3
Let v(d) = 2*d**2 - 7940*d + 1407648. Determine v(186).
0
Let j(o) = 8*o**3 - 791*o**2 + 4378*o - 637. Give j(93).
14
Let n(q) = q**2 + 30*q + 156. What is n(-5)?
31
Let h(d) = d**3 - 40*d**2 - 87*d + 1578. Determine h(41).
-308
Let i(h) = -2*h**3 - 33*h**2 - 104*h + 176. Give i(-7).
-27
Let h(b) = 1903*b + 215047. What is h(-113)?
8
Let g(m) = -5*m**2 + 4028*m + 5633. Calculate g(807).
-16
Let d(q) = 24251*q - 1067040. Determine d(44).
4
Let b(j) = 1145*j - 60771. Determine b(53).
-86
Let s(f) = -27402*f + 520614. Determine s(19).
-24
Let x(s) = -s**3 - 14*s**2 + 139*s + 52. Determine x(-20).
-328
Let v(a) = 221336*a - 442662. Give v(2).
10
Let n(d) = -d**3 + 41*d**2 - 1258*d + 55000. Determine n(42).
400
Let k(y) = 297*y + 16871. Determine k(-58).
-355
Let o(p) = -863*p + 55187. Determine o(64).
-45
Let a(z) = -z**3 - 154*z**2 - 395*z + 8532. Calculate a(-151).
-226
Let f(n) = 3*n**2 + 193*n - 3820. What is f(16)?
36
Let u(l) = l**3 + 14*l**2 - 87*l - 4. Determine u(-16).
876
Let g(f) = 3194*f - 6984. Calculate g(2).
-596
Let j(g) = g**3 - 86*g**2 - 175*g - 323. Give j(88).
-235
Let o(d) = d**3 + 109*d**2 + 2932*d + 141. What is o(-48)?
-51
Let b(v) = 175*v + 841. Determine b(-6).
-209
Let y(i) = -7*i**3 + 46*i**2 + 100*i - 64. Give y(-5).
1461
Let m(p) = 559*p + 14610. What is m(-26)?
76
Let v(i) = 14*i**2 + 1676*i + 10107. Give v(-6).
555
Let o(k) = k**3 - 32*k**2 + 193*k - 58. What is o(20)?
-998
Let v(m) = 288150*m - 6051147. Give v(21).
3
Let w(z) = -13*z**2 - 1830*z - 3409. Give w(-139).
-212
Let i(t) = -84*t**2 + 52091*t - 6828. What is i(620)?
-8
Let c(j) = -241*j**2 - 254*j - 375. Give c(-2).
-831
Let n(l) = -l**3 - 8*l**2 + 376142*l + 2256873. Give n(-6).
-51
Let n(i) = 4*i**3 - 3*i**2 - 122*i + 540. Determine n(5).
355
Let j(k) = k**2 + 5397*k + 4969972. What is j(-1178)?
-10
Let n(x) = 561000*x - 38708993. Give n(69).
7
Let b(g) = -7982*g - 56081. Give b(-7).
-207
Let j(z) = -2116*z - 4632. Determine j(-2).
-400
Let h(y) = -3077*y + 482972. Calculate h(157).
-117
Let t(l) = -6*l**2 + 170*l + 874. What is t(32)?
170
Let v(c) = -3*c**3 - 13*c**2 + 17*c + 81. Give v(-8).
649
Let s(g) = -17559*g - 965850. Calculate s(-55).
-105
Let s(f) = 1359*f + 23496. Calculate s(-17).
393
Let k(f) = -1060*f + 39690. Give k(38).
-590
Let h(u) = 31*u**3 - u**2 - 332*u + 667. What is h(2)?
247
Let u(x) = -17844*x + 1837937. Calculate u(103).
5
Let a(j) = 11*j**3 - 2389*j**2 + 431*j + 638. Determine a(217).
-13
Let s(y) = 61749*y - 432259. Give s(7).
-16
Let j(z) = -615*z - 5768. Determine j(-9).
-233
Let y(g) = -1609*g + 48271. What is y(30)?
1
Let q(y) = -2*y**3 - 140*y**2 + 300*y + 845. Determine q(-72).
-19
Let k(f) = f**3 - 12*f**2 - 427*f + 6338. Determine k(16).
530
Let w(g) = 22771*g - 113860. Give w(5).
-5
Let f(w) = -2*w**2 - 38182*w + 229159. Give f(6).
-5
Let o(t) = 4*t**2 - 20843*t + 145701. Determine o(7).
-4
Let x(a) = a**3 + 497*a**2 - 10871*a + 3625. Calculate x(-518).
-1
Let c(t) = -10*t**2 + 4697*t - 16639. Calculate c(466).
603
Let r(h) = -11*h**2 - 700*h + 8101. Calculate r(10).
1
Let h(a) = 4*a**2 + 1020*a + 3063. Calculate h(-3).
39
Let l(n) = -3*n**3 + 24*n**2 + 219*n - 2332. Determine l(10).
-742
Let v(r) = -3*r**3 - 307*r**2 - 119*r - 529. Determine v(-102).
1205
Let s(x) = 4*x**3 + 35*x**2 + 43*x - 211. Determine s(-7).
-169
Let i(a) = 2*a**2 - 5265*a + 21041. What is i(4)?
13
Let d(x) = 2161*x - 38440. Calculate d(18).
458
Let d(j) = 2*j**3 - 94*j**2 - 125*j + 1806. Determine d(48).
414
Let h(g) = 16961*g + 17009. What is h(-1)?
48
Let m(a) = 5436*a - 114292. Calculate m(21).
-136
Let m(i) = 11*i**3 + 190*i**2 + 415*i + 64. Give m(-2).
-94
Let v(o) = -17880*o + 4720307. What is v(264)?
-13
Let g(n) = -438*n + 21351. What is g(48)?
327
Let q(w) = -4*w**2 + 226*w - 2960. Calculate q(13).
-698
Let y(h) = 8950*h + 393797. Give y(-44).
-3
Let s(k) = 11*k**2 - 44488*k + 222407. What is s(5)?
242
Let s(j) = -j**2 - 4029*j + 142314. Determine s(35).
74
Let l(v) = -6*v**3 + 3*v**2 - 166*v - 646. Determine l(-4).
450
Let n(f) = 99*f + 4273. Calculate n(-50).
-677
Let c(b) = b**2 + 490*b - 78322. Determine c(127).
37
Let m(u) = 71*u**2 - 397*u + 144. Determine m(5).
-66
Let i(g) = -6105*g - 1978055. Calculate i(-324).
-35
Let v(x) = 1228*x - 33153. Give v(27).
3
Let n(f) = -2*f**2 - 6*f + 16. Determine n(6).
-92
Let p(j) = -33*j**2 - 1288*j - 1250. What is p(-1)?
5
Let k(q) = -6*q**3 - 74*q**2 + 82*q + 139. Give k(2).
-41
Let t(h) = -129242*h + 31535052. Determine t(244).
4
Let f(x) = -x**2 + 70658*x + 211987. What is f(-3)?
4
Let w(s) = -s**3 - 19*s**2 - 15*s - 4113. Determine w(-25).
12
Let g(j) = j**2 + 11515*j + 470387. Give g(-41).
-47
Let t(g) = 514*g - 92043. Give t(179).
-37
Let u(n) = -5603*n**2 - 33674*n - 333. Determine u(-6).
3
Let l(j) = -2*j**3 - 13*j**2 - 971*j - 9024. Calculate l(-9).
120
Let g(b) = -6*b**3 + 19*b**2 - 314*b + 924. Determine g(3).
-9
Let h(b) = -2*b**2 - 707*b - 37469. Determine h(-65).
36
Let r(m) = -m**3 + 12*m**2 - 11*m - 39. Calculate r(7).
129
Let q(o) = -o**2 - 83*o - 1671. What is q(-51)?
-39
Let s(d) = 153*d - 2840. Determine s(20).
220
Let w(a) = a**3 + 13*a**2 + 214*a + 5474. What is w(-18)?
2
Let u(j) = -41*j**3 + 487*j**2 + 3*j - 50. Determine u(12).
-734
Let k(x) = -7*x**2 + 64*x + 1401. Determine k(20).
-119
Let z(n) = n**2 - 21*n - 77. Give z(19).
-115
Let l(c) = 3*c**3 + 9*c**2 + 24*c - 942. What is l(0)?
-942
Let s(i) = -55*i**3 - 33*i**2 + 124*i - 90. What is s(1)?
-54
Let t(a) = 1381699*a + 2763397. Give t(-2).
-1
Let a(m) = 3602*m**2 - 86*m + 72. Calculate a(1).
3588
Let h(l) = -28*l**2 - 2373*l + 627. Give h(-85).
32
Let o(r) = -3*r**3 + 62*r**2 - 77*r + 37. What is o(21)?
-2021
Let v(g) = g**2 - 405*g + 37778. Calculate v(146).
-36
Let f(p) = -350988*p - 7370730. Calculate f(-21).
18
Let f(q) = 2*q**3 + 67*q**2 - 632*q + 41. Determine f(8).
297
Let o(l) = 18*l**2 + 4160*l - 71166. What is o(16)?
2
Let c(b) = 1706*b + 315605. Determine c(-185).
-5
Let t(i) = 2*i**3 + 183*i**2 - 119*i - 2016. What is t(-92)?
468
Let p(i) = 2*i**3 + 811*i**2 + 1107*i - 42384. What is p(-404)?
36
Let j(k) = -12*k**3 + 19*k**2 + 5036*k - 10064. Give j(2).
-12
Let n(h) = -16871*h - 825. Give n(0).
-825
Let l(u) = -u**2 + 50*u + 663. Calculate l(0).
663
Let a(s) = -12*s**3 - 94*s**2 + 11*s + 63. Give a(-8).
103
Let m(c) = -4205*c + 75687. What is m(18)?
-3
Let s(b) = 109*b**2 + 106*b - 228. Calculate s(2).
420
Let h(n) = -n**3 + 23*n**2 + 2399*n - 59859. What is h(25)?
-1134
Let m(p) = p**2 - 252*p + 7967. What is m(215)?
12
Let j(f) = 12*f**2 - 8401*f - 50847. Give j(-6).
-9
Let j(f) = 78749*f + 236490. Give j(-3).
243
Let r(i) = -401*i - 99052. What is r(-247)?
-5
Let n(r) = -r**2 - 31*r + 3906. Determine n(-82).
-276
Let p(c) = -c**3 - 53*c**2 - 234*c - 9457. Give p(-52).
7
Let s(n) = 7333*n - 50. Give s(0).
-50
Let r(m) = -732*m - 6790. What is r(-13)?
2726
Let x(m) = -4*m**2 + 162*m + 887. What is x(46)?
-125
Let o(d) = -9*d**2 + 254*d + 1021. What is o(-4)?
-139
Let h(g) = -g**2 - 6938*g + 69457. Calculate h(10).
-23
Let a(y) = 793*y + 187876. Determine a(-237).
-65
Let r(f) = 43*f**2 - 3008*f - 190. Determine r(70).
-50
Let g(m) = -27*m**3 - 16*m**2 + 2*m + 6. What is g(3)?
-861
Let k(t) = 19637*t + 2788418. Give k(-142).
-36
Let l(w) = w**3 + 1971*w**2 - 3942*w + 7. Determine l(2).
15
Let l(u) = -2*u**3 - 1885*u**2 + 3781*u - 10. Determine l(2).
-4
Let r(k) = 52*k**2 - 187*k - 227. Give r(-8).
4597
Let t(a) = -2*a**3 + 26*a**2 + 69*a - 1318. Determine t(12).
-202
Let p(g) = 11*g**2 + 1349*g - 7061. Determine p(-128).
491
Let h(r) = r**2 + 4397*r + 412912. Determine h(-96).
16
Let s(o) = -o**3 - 30*o**2 + 249*o + 35. What is s(7)?
-35
Let x(o) = -1021*o**2 + 18249*o + 2335. Calculate x(18).
13
Let h(n) = 2201*n - 620688. Calculate h(282).
-6
Let w(f) = f**3 + 12*f**2 + 3143